{"id":60,"date":"2016-02-08T00:38:55","date_gmt":"2016-02-08T00:38:55","guid":{"rendered":"http:\/\/www.studiov13.pl\/?page_id=60"},"modified":"2017-11-24T00:03:05","modified_gmt":"2017-11-23T23:03:05","slug":"o-nas","status":"publish","type":"page","link":"http:\/\/www.studiov13.pl\/?page_id=60","title":{"rendered":"O nas"},"content":{"rendered":"<div class=\"section-full-width section-dark parallax-fixed\" style=\"background-color:#ad987d;\" id=\"kimjeste\u015bmy\"><div style=\"background-image:url(http:\/\/www.studiov13.pl\/wp-content\/uploads\/2016\/02\/r18_IMG_2801.jpg); opacity:0.2; filter: alpha(opacity=20);\" class=\"full-bg-image\" ><\/div><div class=\"section-boxed\" style=\"color:#322212;\"><h2 class=\"section-title\" style=\"color:#322212;\">Kim jeste\u015bmy?<\/h2><h4 style=\"color:#322212;\" class=\"sub-title\">Kilka s\u0142\u00f3w o nas i o tym, jak pracujemy<\/h4><\/div><\/div>\n<div class=\"cols-wrapper cols-2\">\n<div class=\"col\">\n<p style=\"text-align: justify;\">Studio V13 jest nowoczesnym, pr\u0119\u017cnie dzia\u0142aj\u0105cym biurem projektowym. Zajmujemy si\u0119 opracowaniami z dziedziny architektury krajobrazu oraz in\u017cynierii l\u0105dowej (ze szczeg\u00f3lnym ukierunkowaniem na drogownictwo). Pracownia powsta\u0142a w 2011 roku, ale do\u015bwiadczenie w bran\u017cy zbieramy od po\u0142owy pierwszej dekady XXI wieku. W ca\u0142ym tym okresie mieli\u015bmy okazj\u0119 bra\u0107 udzia\u0142 w opracowaniu szerokiej gamy projekt\u00f3w &#8211; od tych niewielkich dla inwestor\u00f3w indywidualnych, po rozbudowane, wielobran\u017cowe dokumentacje dla presti\u017cowych inwestycji publicznych (np. przebudowy Al. Naj\u015bwi\u0119tszej Maryi Panny w Cz\u0119stochowie). Zajmuj\u0105c si\u0119 przygotowaniem projekt\u00f3w dla przedsi\u0119wzi\u0119\u0107 \u0142\u0105cz\u0105cych pe\u0142ne spektrum bran\u017c budowlanych i oko\u0142obudowlanych poznali\u015bmy specyfik\u0119 ka\u017cdej z\u00a0dziedzin.\u00a0Intensywna praca i ci\u0105g\u0142e dokszta\u0142canie pozwala nam dzi\u015b przedstawi\u0107 bogat\u0105 ofert\u0119 projekt\u00f3w\u00a0drogowych, in\u017cynierii ruchu, zieleni, przestrzeni publicznych, czy wreszcie odwodnienia.\u00a0Znajomo\u015b\u0107 innych\u00a0dziedzin u\u0142atwia\u00a0nam sprawn\u0105 komunikacj\u0119 z projektantami bran\u017cowymi oraz skuteczne i szybkie rozwi\u0105zywanie problem\u00f3w projektowych.<\/p>\n<\/div>\n<div class=\"col nomargin\">\n<p style=\"text-align: justify;\">W swej dzia\u0142alno\u015bci wsp\u00f3\u0142pracujemy z r\u00f3\u017cnymi pracowniami projektowymi. Nadrz\u0119dna zasada pozostaje niezmienna: do wsp\u00f3\u0142pracy staramy si\u0119 dobiera\u0107 najlepszych. Dla nas nie istnieje kryterium &#8222;100% cena&#8221;. Nasze zaprzyja\u017anione biura projektowe cechuje wysoki profesjonalizm, dzi\u0119ki czemu wsp\u00f3lnie mo\u017cemy zaoferowa\u0107 najwy\u017cszej jako\u015bci us\u0142ugi.<\/p>\n<p style=\"text-align: justify;\">Korzystamy z licencjonowanego specjalistycznego oprogramowania &#8211; mi\u0119dzy innymi BricsCAD, CGS Plateia, Autopath, Autosign, Norma Pro, SketchUp, VRay oraz innych. Wykorzystanie nowoczesnego \u015brodowiska projektowego pozwala realizowa\u0107 powierzone zadania z du\u017c\u0105 dba\u0142o\u015bci\u0105 o jako\u015b\u0107 finalnego opracowania przy jednoczesnej oszcz\u0119dno\u015bci czasu.<\/p>\n<p style=\"text-align: justify;\">Lubimy wyzwania, nie boimy si\u0119 podejmowa\u0107 nowych zlece\u0144, stale podnosimy swoje kwalifikacje, aby jako\u015b\u0107 naszych us\u0142ug stanowi\u0142a nasz\u0105 najlepsz\u0105 reklam\u0119.\u00a0Podpisuj\u0105c projekt w\u0142asnymi nazwiskami\u00a0musimy mie\u0107 pewno\u015b\u0107, \u017ce dokumentacja ma najwy\u017cszy mo\u017cliwy poziom &#8211; w przeciwnym razie nasze podpisy nie pojawi\u0142yby si\u0119. Dzi\u0119ki temu zawsze ze spokojem czekamy na etap realizacji &#8211; jeste\u015bmy pewni swojej wiedzy oraz umiej\u0119tno\u015bci, dlatego nadz\u00f3r autorski nad inwestycjami nie przynosi niespodzianek, a nas ciesz\u0105 pozytywne opinie od wykonawc\u00f3w i inwestor\u00f3w.<\/p>\n<\/div>\n<\/div>\n<div class=\"section-full-width section-dark parallax-fixed\" style=\"background-color:#ad987d;\" id=\"wsp\u00f3\u0142pracuj\u0105znami\"><div style=\"background-image:url(http:\/\/www.studiov13.pl\/wp-content\/uploads\/2016\/02\/r18_IMG_2801.jpg); opacity:0.2; filter: alpha(opacity=20);\" class=\"full-bg-image\" ><\/div><div class=\"section-boxed\" style=\"color:#322212;\"><h2 class=\"section-title\" style=\"color:#322212;\">Wsp\u00f3\u0142pracuj\u0105 z nami<\/h2><h4 style=\"color:#322212;\" class=\"sub-title\">Sprawd\u017a z kim pracujemy - mo\u017cesz zechcesz do\u0142\u0105czy\u0107 do tego grona<\/h4><\/p>\n<p style=\"text-align: center;\">Poni\u017cej przedstawiamy firmy i instytucje, z kt\u00f3rymi \u0142\u0105czy nas trwa\u0142a wsp\u00f3\u0142praca. Lista nie jest pe\u0142na &#8211; przedstawiamy tutaj naszych g\u0142\u00f3wnych zleceniodawc\u00f3w i partner\u00f3w.<\/p>\n<p>\n<\/div><\/div>\n<div class=\"services-wrapper services-fullbox cols-wrapper cols-3\" style=\"background-color:#ad987d;color:#322212;\"><div class=\"services-box col services-no-image\"><div class=\"services-content\"><div class=\"sc-wraper\"><h3>Gmina Miasto Cz\u0119stochowa<\/h3><p>Dla miasta Cz\u0119stochowy wykonali\u015bmy szereg projekt\u00f3w plac\u00f3w zabaw, obiekt\u00f3w rekreacyjno-sportowych oraz ziele\u0144c\u00f3w.<\/p><\/div><\/div><\/div><div class=\"services-box col services-no-image\"><div class=\"services-content\"><div class=\"sc-wraper\"><h3>P.W. GRAMAR<\/h3><p>P.W. GRAMAR zajmuje si\u0119 opracowaniem projekt\u00f3w drogowych. Na zlecenie biura zajmujemy si\u0119 g\u0142\u00f3wnie sporz\u0105dzaniem inwentaryzacji zieleni, plan\u00f3w wycinek oraz projekt\u00f3w zieleni ulicznej i przydro\u017cnej.<\/p><\/div><\/div><\/div><div class=\"services-box col nomargin services-no-image\"><div class=\"services-content\"><div class=\"sc-wraper\"><h3>Architektonika<\/h3><p>Jedno z naszych zaprzyja\u017anionych biur projektowych. Wsp\u00f3\u0142pracujemy przy opracowaniu wielu dokumentacji - m. in. wielkopowierzchniowych obiekt\u00f3w handlowych, obiekt\u00f3w sportowych, rekreacyjnych, teren\u00f3w zieleni i innych.<\/p><\/div><\/div><\/div><div class=\"services-box col services-no-image\"><div class=\"services-content\"><div class=\"sc-wraper\"><h3>Gmina Lel\u00f3w<\/h3><p>Dla Gminy Lel\u00f3w przygotowali\u015bmy w liczne projekty budowy, przebudowy i remontu dr\u00f3g, w tym dokumentacje na potrzeby likwidacji szk\u00f3d powodziowych.<\/p><\/div><\/div><\/div><div class=\"services-box col services-no-image\"><div class=\"services-content\"><div class=\"sc-wraper\"><h3>Starostwo Powiatowe w Cz\u0119stochowie<\/h3><p>Na zlecenie Starostwa Powiatowego w Cz\u0119stochowie wykonali\u015bmy m.in. kilka projekt\u00f3w parking\u00f3w, a tak\u017ce - we wsp\u00f3\u0142pracy z Biurem Projekt\u00f3w Inwestycji Drogowych KOMA - dokumentacj\u0119 tzw. dr\u00f3g scaleniowych w gminach K\u0142omnice i Lel\u00f3w.<\/p><\/div><\/div><\/div><div class=\"services-box col nomargin services-no-image\"><div class=\"services-content\"><div class=\"sc-wraper\"><h3>S.M. P\u00f3\u0142noc<\/h3><p>Na zlecenie Sp\u00f3\u0142dzielni opracowali\u015bmy liczny zbi\u00f3r projekt\u00f3w plac\u00f3w zabaw, obiekt\u00f3w rekreacyjnych wraz z zieleni\u0105 towarzysz\u0105c\u0105.<\/p><\/div><\/div><\/div><div class=\"clear\"><\/div><\/div>\n<div class=\"section-full-width section-dark parallax-fixed\" style=\"background-color:#ad987d;\" id=\"czymsi\u0119zajmujemy\"><div style=\"background-image:url(http:\/\/www.studiov13.pl\/wp-content\/uploads\/2016\/02\/r18_IMG_2801.jpg); opacity:0.2; filter: alpha(opacity=20);\" class=\"full-bg-image\" ><\/div><div class=\"section-boxed\" style=\"color:#322212;\"><h2 class=\"section-title\" style=\"color:#322212;\">Czym si\u0119 zajmujemy?<\/h2><h4 style=\"color:#322212;\" class=\"sub-title\">Nasza oferta jest bardzo szeroka, ale te zlecenia wykonujemy najcz\u0119\u015bciej<\/h4><\/div><\/div>\n<div class=\"services-wrapper services-fullbox cols-wrapper cols-3\" style=\"background-color:#ad987d;color:#322212;\"><div class=\"services-box col services-no-image\"><div class=\"services-content\"><div class=\"sc-wraper\"><h3>Drogi publiczne<\/h3><p>Projektujemy drogi publiczne kategorii od D do G wraz z infrastruktur\u0105 techniczn\u0105.<\/p><\/div><\/div><\/div><div class=\"services-box col services-no-image\"><div class=\"services-content\"><div class=\"sc-wraper\"><h3>Ziele\u0144 publiczna<\/h3><p>Opracowujemy projekty zieleni miejskiej (skwery, ziele\u0144ce) oraz zieleni ulicznej i przydro\u017cnej.<\/p><\/div><\/div><\/div><div class=\"services-box col nomargin services-no-image\"><div class=\"services-content\"><div class=\"sc-wraper\"><h3>Place zabaw<\/h3><p>Przygotowujemy projekty publicznych plac\u00f3w zabaw w oparciu o aktualne normy Eurokod.<\/p><\/div><\/div><\/div><div class=\"services-box col services-no-image\"><div class=\"services-content\"><div class=\"sc-wraper\"><h3>Parkingi, place manewrowe<\/h3><p>Sporz\u0105dzamy kompleksowe projekty parking\u00f3w wraz z odwodnieniem, o\u015bwietleniem i niezb\u0119dn\u0105 infrastruktur\u0105.<\/p><\/div><\/div><\/div><div class=\"services-box col services-no-image\"><div class=\"services-content\"><div class=\"sc-wraper\"><h3>Obiekty rekreacyjne<\/h3><p>Projektujemy si\u0142ownie terenowe oraz inne obiekty s\u0142u\u017c\u0105ce promocji sportowego trybu \u017cycia.<\/p><\/div><\/div><\/div><div class=\"services-box col nomargin services-no-image\"><div class=\"services-content\"><div class=\"sc-wraper\"><h3>Inwentaryzacje zieleni<\/h3><p>Przygotowujemy kompletne inwentaryzacje zieleni dla potrzeb wyceny drzewostanu, wycinki czy ustalenia gospodarki zieleni\u0105.<\/p><\/div><\/div><\/div><div class=\"clear\"><\/div><\/div>\n<div class=\"cta-element\"><h4 class=\"cta-small-title\">Masz pytania? Odpowiemy.<\/h4><h2 class=\"cta-title\">Skontaktuj si\u0119 z nami<\/h2><a class=\"button\" href=\"\/?page_id=40\" style=\"background-color:#610d0b\">Tutaj<\/a><\/div>\n","protected":false},"excerpt":{"rendered":"<p>Studio V13 jest nowoczesnym, pr\u0119\u017cnie dzia\u0142aj\u0105cym biurem projektowym. Zajmujemy si\u0119 opracowaniami z dziedziny architektury krajobrazu oraz in\u017cynierii l\u0105dowej (ze szczeg\u00f3lnym [&hellip;]<\/p>\n","protected":false},"author":1,"featured_media":0,"parent":0,"menu_order":0,"comment_status":"closed","ping_status":"closed","template":"template-full-custom.php","meta":{"footnotes":""},"class_list":["post-60","page","type-page","status-publish","hentry"],"_links":{"self":[{"href":"http:\/\/www.studiov13.pl\/index.php?rest_route=\/wp\/v2\/pages\/60"}],"collection":[{"href":"http:\/\/www.studiov13.pl\/index.php?rest_route=\/wp\/v2\/pages"}],"about":[{"href":"http:\/\/www.studiov13.pl\/index.php?rest_route=\/wp\/v2\/types\/page"}],"author":[{"embeddable":true,"href":"http:\/\/www.studiov13.pl\/index.php?rest_route=\/wp\/v2\/users\/1"}],"replies":[{"embeddable":true,"href":"http:\/\/www.studiov13.pl\/index.php?rest_route=%2Fwp%2Fv2%2Fcomments&post=60"}],"version-history":[{"count":46,"href":"http:\/\/www.studiov13.pl\/index.php?rest_route=\/wp\/v2\/pages\/60\/revisions"}],"predecessor-version":[{"id":386,"href":"http:\/\/www.studiov13.pl\/index.php?rest_route=\/wp\/v2\/pages\/60\/revisions\/386"}],"wp:attachment":[{"href":"http:\/\/www.studiov13.pl\/index.php?rest_route=%2Fwp%2Fv2%2Fmedia&parent=60"}],"curies":[{"name":"wp","href":"https:\/\/api.w.org\/{rel}","templated":true}]}}